d 126?
42
Calculate the highest common factor of 3173 and 380.
19
Calculate the greatest common factor of 19360 and 320.
160
What is the greatest common divisor of 62195 and 105?
35
Calculate the highest common factor of 118384 and 96.
16
What is the greatest common factor of 50460 and 45?
15
What is the greatest common divisor of 52894 and 424?
106
Calculate the greatest common divisor of 37521 and 1584.
99
Calculate the greatest common divisor of 5814 and 14586.
102
Calculate the highest common factor of 166812 and 36.
12
What is the greatest common factor of 132 and 1235322?
66
What is the highest common divisor of 40 and 1658060?
20
What is the highest common factor of 246967 and 49?
7
Calculate the greatest common divisor of 12 and 16476.
12
Calculate the highest common divisor of 4327 and 135.
1
What is the greatest common factor of 120 and 7664080?
40
What is the greatest common factor of 684213 and 1441?
131
Calculate the greatest common factor of 1617 and 77763.
147
Calculate the highest common factor of 190586 and 22.
22
Calculate the highest common factor of 1944 and 37602.
18
What is the greatest common factor of 668016 and 768?
48
Calculate the highest common divisor of 8964 and 216.
108
Calculate the highest common factor of 8815 and 3010.
215
Calculate the highest common divisor of 20060 and 596.
4
Calculate the greatest common divisor of 1430 and 4.
2
What is the highest common divisor of 433327 and 7501?
577
What is the highest common divisor of 136 and 5120?
8
What is the greatest common factor of 535 and 1059300?
535
What is the greatest common factor of 784 and 214326?
98
What is the greatest common divisor of 14 and 77266?
14
Calculate the highest common factor of 1602285 and 6105.
555
What is the greatest common divisor of 48 and 34296?
24
Calculate the greatest common factor of 24050 and 1664.
26
What is the greatest common divisor of 1894656 and 48?
48
What is the highest common factor of 238780 and 120?
20
Calculate the greatest common divisor of 99161 and 102.
17
Calculate the highest common factor of 161001 and 7476.
267
What is the highest common factor of 54 and 348402?
6
Calculate the greatest common factor of 602768 and 34316.
1492
What is the greatest common factor of 372467 and 107?
107
Calculate the highest common divisor of 79477 and 534.
89
What is the greatest common divisor of 98 and 910714?
98
Calculate the greatest common factor of 3985155 and 114.
57
Calculate the greatest common factor of 12512 and 14467.
391
Calculate the greatest common divisor of 54 and 112554.
18
What is the highest common factor of 160 and 68540?
20
What is the greatest common divisor of 9 and 13917?
3
What is the highest common factor of 148 and 3772?
4
What is the highest common divisor of 685498 and 638?
22
Calculate the greatest common divisor of 342 and 1522.
2
Calculate the greatest common divisor of 546 and 28.
14
What is the greatest common factor of 80 and 3415?
5
Calculate the highest common factor of 630 and 37710.
90
Calculate the highest common divisor of 17689 and 67963.
931
Calculate the greatest common factor of 75780 and 300.
60
What is the greatest common divisor of 28943 and 2248?
281
What is the highest common factor of 363 and 111441?
363
Calculate the highest common divisor of 20964 and 384.
12
What is the greatest common divisor of 1119 and 123?
3
Calculate the greatest common divisor of 130536 and 3087.
441
Calculate the highest common factor of 108 and 45738.
54
What is the highest common factor of 29591 and 699?
233
Calculate the greatest common factor of 30600 and 4734.
18
What is the highest common factor of 472 and 1456828?
236
Calculate the greatest common divisor of 1065 and 59505.
15
Calculate the greatest common divisor of 160 and 3615.
5
Calculate the greatest common divisor of 149 and 2804776.
149
Calculate the highest common factor of 6545 and 807653.
1309
Calculate the greatest common factor of 1906205 and 70.
35
What is the highest common factor of 48492 and 12?
12
What is the greatest common divisor of 44 and 257?
1
What is the greatest common divisor of 1422 and 1134?
18
What is the highest common divisor of 19 and 4468857?
19
Calculate the greatest common factor of 144 and 80688.
48
What is the greatest common divisor of 57090 and 660?
330
What is the highest common factor of 1638 and 3549?
273
Calculate the greatest common factor of 2250 and 34250.
250
Calculate the highest common factor of 267575 and 176.
11
Calculate the highest common divisor of 12384 and 4500.
36
Calculate the highest common factor of 7895 and 60.
5
Calculate the highest common factor of 233010 and 189.
27
Calculate the greatest common factor of 11709 and 4.
1
Calculate the greatest common divisor of 325 and 47697.
13
What is the greatest common factor of 45078 and 66?
66
What is the highest common divisor of 2714 and 6726?
118
What is the greatest common factor of 3 and 77037?
3
Calculate the greatest common divisor of 308 and 27566.
154
What is the highest common divisor of 28 and 4468?
4
What is the highest common divisor of 1280 and 122624?
256
What is the greatest common factor of 287364 and 567?
21
What is the highest common divisor of 14744 and 76048?
776
Calculate the highest common factor of 80 and 89410.
10
What is the greatest common factor of 3754395 and 45?
45
What is the greatest common divisor of 45875 and 500?
125
Calculate the highest common factor of 19516 and 700.
28
What is the highest common factor of 17 and 205853?
17
Calculate the greatest common factor of 1443 and 888.
111
Calculate the greatest common factor of 598 and 782.
46
Calculate the greatest common factor of 6765 and 80565.
615
What is the greatest common divisor of 25032 and 700?
28
What is the greatest common divisor of 285 and 261535?
95
What is the greatest common divisor of 69783 and 42?
21
Calculate the greatest common divisor of 387124 and 340.
68
Calculate the greatest common factor of 56 and 14238.
14
Calculate the greatest common factor of 20 and 31530.
10
Calculate the greatest common divisor of 18109 and 1274.
91
Calculate the highest common factor of 375 and 7275.
75
What is the greatest common factor of 14905 and 88?
11
What is the highest common factor of 140 and 436870?
70
What is the highest common divisor of 3800 and 9975?
475
Calculate the greatest common factor of 70 and 11459.
7
Calculate the greatest common divisor of 240 and 116310.
30
Calculate the greatest common factor of 292341 and 42.
21
Calculate the highest common factor of 26336 and 2528.
32
Calculate the greatest common factor of 13625 and 38695.
545
Calculate the greatest common factor of 184 and 63526.
46
What is the greatest common factor of 738 and 637878?
246
Calculate the highest common factor of 127 and 373253.
127
Calculate the greatest common divisor of 1990845 and 135.
135
What is the greatest common factor of 36 and 257544?
36
What is the greatest common factor of 22432 and 48?
16
Calculate the highest common factor of 396 and 789.
3
What is the greatest common factor of 61346 and 1036?
74
Calculate the greatest common factor of 534 and 108135.
267
Calculate the highest common factor of 45 and 645.
15
Calculate the highest common divisor of 174 and 2454.
6
What is the highest common divisor of 472481 and 1190?
17
What is the highest common factor of 30 and 430?
10
What is the highest common divisor of 7536 and 248?
8
What is the greatest common divisor of 162 and 540?
54
What is the greatest common factor of 18 and 1079394?
6
What is the greatest common factor of 28250 and 90?
10
What is the highest common divisor of 700 and 68?
4
What is the highest common factor of 201 and 29212?
67
What is the highest common factor of 2985 and 135?
15
What is the highest common factor of 91914 and 174?
6
What is the greatest common factor of 94095 and 205?
205
Calculate the highest common divisor of 226 and 5594404.
226
Calculate the highest common divisor of 5475 and 1075.
25
Calculate the highest common factor of 2455 and 36334.
491
What is the greatest common factor of 4046 and 42?
14
Calculate the greatest common divisor of 1240 and 17960.
40
Calculate the highest common divisor of 794686 and 74.
74
Calculate the highest common divisor of 4 and 4779